 90/(-28)*2. Let t(z) = -z + 1. Calculate t(l).
7
Suppose 0 = h + 4 - 3. Let x be 15/(-5) - h - 44/4. Let s(b) = -b**3 - 12*b**2 + 11*b - 12. Determine s(x).
14
Let n(u) = -13*u**2 - 3*u + 3*u**2 + 5*u**2 + 3*u**2 - 3*u**2. Let b = -4 + 2. What is n(b)?
-14
Let t(u) = u**2 + 15*u + 36. Let x(b) = 11*b**3 + b**2 + 7*b - 16. Let f be x(0). What is t(f)?
52
Let r(x) = -x**2 - 3*x - 1. Let i = -63 - -72. Let j be i*5*1/5. Suppose -24 = j*g - 3*g. What is r(g)?
-5
Let b(n) = -n**2 + 27*n - 6. Let y be -9*(4/(-6) - 0)/(1394/6273). Calculate b(y).
-6
Let s(t) = -2*t**3 - t - 6. Let l(y) = 3*y**3 + y**2 - 1. Let z(b) = -l(b) - s(b). Let n be 6/4*(-8)/(-6). Suppose n*x = -2*x. What is z(x)?
7
Let j(g) = -g**3 - 2*g**2 + 63*g + 13. Suppose 4 = -4*x - 4*z - 40, 5*x = -z - 47. Determine j(x).
13
Let p(u) = -u**2 - 6*u + 4. Let r be p(-6). Let f(g) = -3*g + 186 - 186 + 6*g - g**2. Determine f(r).
-4
Let g = 16421 + -16421. Let n(m) = 2*m**2 + 2*m + 3. What is n(g)?
3
Let t(k) be the second derivative of 0 - 3/2*k**2 - 5/6*k**4 - 1/20*k**5 + 8*k - 11/6*k**3. Let y be (-1)/((-4)/(-36) - 0). Give t(y).
15
Let w(i) = -i**2 - 46*i - 499. Let g = -19172 - -19154. Give w(g).
5
Let n(m) = -3*m**3 + 8*m**2 + 7*m - 11. Let s be n(3). Let r(b) = 7*b**3 + 2*b**2 + b - 1. Determine r(s).
9
Let z(x) = -8*x**2 + 9*x - 3. Suppose -7*j - 330 = -125*j + 142. Give z(j).
-95
Let p = 5978 - 5983. Let m(g) = -22*g - 4. Give m(p).
106
Let p(z) = -3*z**2 - z - 1. Suppose 121*o - 118*o = 12. Suppose 0 = -4*n + 3*v - o - 3, v - 1 = 0. What is p(n)?
-3
Let v = 1345 - 841. Let p = v + -509. Let f(m) = -m - 9. Give f(p).
-4
Let b(h) = 5*h**3 - 24*h**2 + 30*h - 194. Let d be b(5). Let c(a) = -a**2 - 10*a + 132. Give c(d).
-39
Let a(f) = -2*f**2 + 46*f - 36. Let x be a(19). Suppose x*k - 115*k - 7 = 0. Let o(u) = 3*u - 13. Calculate o(k).
8
Let v(c) = -2*c + 4. Let p(l) be the third derivative of -31*l**4/24 - 503*l**3/6 + 203*l**2. Let d be p(-16). Determine v(d).
18
Let w(k) = 4*k + 32. Let p be w(-8). Suppose -9*c + p*c + 18 = 0. Let q(i) = i + 0*i - c*i - 135*i**2 + 129*i**2. Determine q(-1).
-5
Let n be (-1)/(-3) - (-38)/(-6). Suppose -5*x + 673 = 4*b, -2*b + 7*b + 563 = 4*x. Let w(m) = -129*m + x*m + 3*m**2 - 2*m**2. Give w(n).
-12
Let c(i) = -i + 1. Let m be c(-1). Let w(n) = 2*n**2 + n + n**2 + 3*n**2 + 6*n**2 - 12*n**2 + 4*n**2. Determine w(m).
18
Let p(i) = -i**2 - 11*i - 9. Let o be p(-10). Let c be (o - -2) + 24/12. Suppose -c*l = -0*a + 4*a + 23, -5*l + 5 = 0. Let r(b) = -b - 12. What is r(a)?
-5
Let j(p) = -p. Suppose z = -0*k + 3*k + 12, -3*z + 3*k = -12. Let g be (44 + z)*(-6 + 5). Let f = g + 36. What is j(f)?
8
Let g(h) be the first derivative of -h**3/3 - 4*h**2 - 4*h + 2. Let v = 398 - 756. Let a = v - -354. Calculate g(a).
12
Suppose -3 = -2*o - h, -o + 1687*h = 1682*h + 26. Let g(q) = -3*q**2 - 19*q - 16. What is g(o)?
0
Let x = -118 - -374. Let m(r) = 6 + 130*r - x*r + 125*r. Calculate m(9).
-3
Let o = 1227 - 1217. Let m(y) = y**2 - 12*y + 19. Give m(o).
-1
Let s(w) = 1018 - 18*w - 1954 + 935. Let f = 0 + -2. Determine s(f).
35
Suppose -138*i + 58*i - 95 + 415 = 0. Let q(n) = 2*n**2 + 4*n - 31. Give q(i).
17
Let j(c) be the third derivative of -11*c**4/24 + 2*c**3/3 + 27*c**2. Let f(d) = -60*d + 20. Let v(p) = -2*f(p) + 11*j(p). What is v(-4)?
8
Suppose 11 = 3*u + 263. Let x = -78 - u. Let w(k) = k**3 - 6*k**2 - k + 5. Give w(x).
-1
Let u be 24/4*40/112*(-63)/(-45). Let z(w) be the second derivative of w**5/20 - w**4/2 + 2*w**3/3 + w. Give z(u).
-15
Let n(m) = -m**2 + 12 - 10 + 9 + 8 + 4*m. What is n(8)?
-13
Let g(k) = 16*k**2 - 25*k - 210. Let q(v) = 13*v**2 - 26*v - 209. Let a(o) = -4*g(o) + 5*q(o). Give a(36).
11
Let t(g) = g - 12. Suppose 2*h = 8, 0 = -145*x + 144*x - 3*h + 5. What is t(x)?
-19
Suppose -4*m + 2 = 14. Let n(c) = 11*c**3 - 2*c**2 + 3*c + 28. Let w(v) = 7*v**3 - v**2 + 2*v + 18. Let h(r) = -5*n(r) + 8*w(r). Calculate h(m).
-8
Let h(g) = 68*g + 42*g - 98*g. Let y(b) = -2*b + 16. Let l be y(7). Determine h(l).
24
Suppose -9 = -d + 2*o, 22*d - 18*d - 2*o - 18 = 0. Let t(s) = d*s - 7*s**2 + 6*s**2 + 2*s**2 - 2 - 11*s + s**2 + s**3. Determine t(-4).
-2
Let u(v) = -3*v**2 - 24*v - 51. Let f(y) = -10*y**2 - 73*y - 161. Let j(s) = 4*f(s) - 13*u(s). Let p = 13 - -8. What is j(p)?
-2
Let m be 205/65 + 6/(-39). Let p(o) = -m*o - 7*o - 6*o + 20*o - 1. Suppose -5 = 2*l - 15. What is p(l)?
19
Let s(r) be the third derivative of -r**6/60 - 29*r**3/6 + 677*r**2 - 2. Give s(0).
-29
Let n(q) = 4528*q**2 - 25 + 19 - 4530*q**2 + 23*q. What is n(9)?
39
Let x(s) be the third derivative of -s**4/24 + 11*s**3/6 - 1923*s**2. What is x(9)?
2
Let l(s) = -3*s - 5. Let u be l(15). Let n = u - -58. Let k(q) = -n*q**2 + 9*q**2 - 3 - 3*q - 6*q**2 - q**3. Calculate k(-5).
12
Let q(r) = 6*r - 4. Let p = -3165 + 3158. What is q(p)?
-46
Let m(k) = k**2 - 22*k + 120. Let c be m(12). Suppose c = -8*g + 78 + 2. Let y(z) = z**2 - 12*z - 7. Determine y(g).
-27
Let w(f) be the second derivative of -f**3 - 145*f**2/2 - 9*f + 61. Calculate w(-25).
5
Let k = 8817 + -8829. Let b(c) = -c**3 - 11*c**2 + 17*c + 72. Give b(k).
12
Let q(a) be the second derivative of a**5/20 - 13*a**4/12 + 23*a**3/6 - 2*a**2 - 26*a. Let r be q(11). Let c(z) = -z**2 - z**2 + 8*z**2 + r - 6. Give c(1).
7
Let i be (-4)/(154/42 + -4). Let s(f) be the first derivative of 8*f - 1/2*f**2 + i. Calculate s(0).
8
Let z(j) be the first derivative of -j**5/120 + 11*j**4/24 - 17*j**3/3 - j**2 + 31. Let l(w) be the third derivative of z(w). Calculate l(0).
11
Let b(h) = -5 + 3 - 10*h + 6. Let j(u) be the third derivative of u**5/60 - 2*u**4/3 + 11*u**3 - 33*u**2 - 2. Let k be j(7). What is b(k)?
-26
Let g(z) = 2*z**3 + 11*z**2 + 11*z + 12. Let v = -149 + 154. Let h(j) = -3*j**3 - 22*j**2 - 22*j - 24. Let p(r) = v*g(r) + 3*h(r). Give p(12).
0
Let m be (-3)/(3 + (24/18)/((-30)/81)). Let w(g) = -g**2 - 2*g + 37. Give w(m).
2
Let z(j) = -2*j**3 + 9*j**2 + 14*j - 5. Let p(s) = -3*s**3 + 9*s**2 + 12*s - 4. Let o(y) = 3*p(y) - 4*z(y). Let d be o(-5). Let m(q) = -q + 12. What is m(d)?
4
Let a(n) be the second derivative of -n**6/120 + n**5/30 + n**4/4 - n**3/2 - 32*n**2 - 111*n. Let i(o) be the first derivative of a(o). What is i(4)?
-11
Let s(z) be the first derivative of -25*z**2/2 - 325*z + 11884. Calculate s(-13).
0
Let f(g) be the first derivative of g**4/4 - 2*g**3/3 - g**2 + g + 1. Let w(t) = -1041 - t + t**3 - 2*t**2 - t + 1043. Let y be w(2). What is f(y)?
-11
Let a be 133455/8835 - (-4)/(-38). Let x(m) = -m**3 + 16*m**2 - 16*m - 16. Determine x(a).
-31
Let u = 885 - 758. Let g = u + -145. Let x(s) = s + 22. Give x(g).
4
Let o(m) be the first derivative of -1/2*m**2 - 10*m - 1. Let s be (-15 + (-875)/(-35))/(-1 - 1). Determine o(s).
-5
Let v(w) = w**2 + 3*w - 50. Let h(r) = 336*r + 1687. Let p be h(-5). Determine v(p).
20
Let k(x) = 4*x**2 - 55*x - 11. Suppose -3 = z, -80 + 54 = -p + 4*z. What is k(p)?
3
Let l(s) = 1 - 9*s**2 + 59*s - 55*s - 3 + 0 + 5. Determine l(3).
-66
Let c(s) = 2*s**2 + 29*s + 49. Let o be c(-14). Suppose 5*x = -2*v + o, -3*v = x - 20 - 0. Let f(z) = z**2 - 4*z + 2. Calculate f(v).
7
Let x(u) = u**3 + 8*u**2 + 15*u + 9. Let w(z) = -z**3 + z**2 + 25*z - 50. Let i be w(2). Determine x(i).
13
Let d = -4065 + 4072. Let t(x) = x**2 + 4*x - 56. Calculate t(d).
21
Let i(t) = t**2 + 10. Let u be (-2)/(-4) - (-3 + (-41)/(-2)). Let r(a) = -3*a**2 - a - 29. Let l(p) = u*i(p) - 6*r(p). Determine l(-4).
-4
Let g(m) be the first derivative of 2*m**2 + 1809. Suppose -4*f + 2*a = -2*f - 4, -f = 3*a + 14. Calculate g(f).
-8
Let d(n) = n + 3. Let o be (12/(-9))/(1/((-9)/4)). Suppose 0 = y - o*y. Let w be y - (8 + (-8)/2). Determine d(w).
-1
Suppose -2*j + 1 = 5. Let n(t) = -750 - t**2 - t + 750. Give n(j).
-2
Let v(j) be the second derivative of 0*j**2 - 1/40*j**5 - 1/6*j**4 - 29/6*j**3 - 48*j + 0. Let z(i) be the second derivative of v(i). Calculate z(-4).
8
Let u(f) = -f**2 + 4*f + 15. Suppose 5*l = 4*w - 167, 10*w - 5*w = 3*l + 199. Suppose 5*h - w = -a, -2*h + 16*a - 17*a + 17 = 0. Determine u(h).
-6
Let b(d) = -4*d**3 + 39*d**2 + 74*d + 161. Let x(w) = 3*w**3 - 26*w**2 - 49*w - 108. Let a(c) = -5*b(c) - 7*x(c). Calculate a(-11).
6
Suppose -3*q + 13 = -5. Let d(g) = 4*g**3 + 11*g**2 + 7*g. Let z(l) = 4 - 3*l**3 -